 -3*z + u + 6 = 0. Calculate o(z).
-7
Suppose 3*o - 20 = -v, -103*v + 4*o = -100*v - 34. Suppose -5*g - 4*r = -8*r + 35, 3*r = -2*g - v. Let c(h) = -7*h - 1 + 7 - h**3 - 8*h**2 + 0. Determine c(g).
6
Let m = 114935 - 114942. Let p(h) = 3*h + 24. Let c(q) = 1. Let r(u) = -18*c(u) + p(u). Calculate r(m).
-15
Let y(x) = 128*x**2 - 127*x**2 + 27*x - 44 - 3*x + 0. Determine y(-25).
-19
Suppose 5*k = -5*v - 55, -4*k = -7*k - v - 23. Suppose -3 - 1 = -l, 2*z - 3*l = -8. Let f(p) = -2 + z*p - 3 - 3*p + 3. What is f(k)?
4
Let z(l) = -l**2 - 6*l + 7. Let q(t) be the second derivative of t**3/6 + 29*t**2/2 - 41*t. Let d be q(-36). Calculate z(d).
0
Let s(k) = -k**3 + 12*k**2 + 12*k + 13. Let f be (-9)/(-6) + (-27)/18. Suppose 3*n + 2*n - 73 = 2*l, f = 2*l + 8. What is s(n)?
0
Let g(o) = 3*o - 8. Let k(f) = -5*f + 14. Let n(i) = 7*g(i) + 4*k(i). Calculate n(-2).
-2
Let f(s) = s + s**3 + 7 - 3*s + 6*s**2 - 2*s - 4*s + 0*s**3. Suppose 0 = 3*i - 8*i + 25. Suppose -3*u - 4*x - i = 0, -3*u - 4*x + 9*x - 41 = 0. Give f(u).
14
Let s(a) = -13*a**3 - a**2 - 5*a + 5. Let c be s(2). Let f = 106 + c. Let u(b) = b**2 + 7*b - 2. Give u(f).
-2
Let f(m) = -17*m**3 + 2*m**2 + 6*m - 1. Let k be f(-2). Let j = k - 130. Let a(u) = 3*u**3 + u**2 - 2*u + 1. Give a(j).
3
Let r(y) = 41*y + 6. Let v be (-6)/(-5)*276/(-414)*5/2. Give r(v).
-76
Let p(m) = -313*m + 3141. Let y be p(10). Let l(t) = t**2 - 5*t - 67. What is l(y)?
-1
Let y = 2 - 3. Let h(t) = 40203754 - 2*t + 2*t - 40203754 - 14*t**2. What is h(y)?
-14
Let y(v) = -4*v - 115*v**2 + 114*v**2 + 1 - 2*v + 4*v. Let a(l) = l**2 - 6*l + 6. Let h be a(6). Suppose -8*t - h*t - 42 = 0. What is y(t)?
-2
Let o(t) be the third derivative of 0*t - 5/24*t**4 + 16*t**2 + 0*t**3 + 0. Suppose 4*p - 5 = -q, -4*q + 0 = 2*p - 6. What is o(p)?
-5
Let c be 27/45*10/6. Let b(q) = -2*q**3 + 19*q**3 + 22*q**3. Determine b(c).
39
Let w(i) = i**2 + 2*i + 4. Suppose v + 3*y = y - 10, 3*v + y + 5 = 0. Let d be -34 + 30 - (-6)/2. Let a be d + -2 - 0*(-1 + v). Calculate w(a).
7
Suppose 32*k + 7*k + 140 = -94. Let q(o) = 5*o + 11. Calculate q(k).
-19
Let z(c) = -c**2 - 5*c. Suppose 14*v - v = 2*v. Suppose -20*y - 73 - 27 = v. Determine z(y).
0
Let r(l) be the third derivative of l**4/3 + l**3/6 - 858*l**2. Let i = 34 + -32. Give r(i).
17
Let n be ((-4)/(-6))/((-4)/(-6)). Let v(s) = -4466*s. Let z(r) = -851*r. Let p(o) = -4*v(o) + 21*z(o). What is p(n)?
-7
Let p = 613 + -606. Let v(f) = 0 + f**2 + 9403*f - 9406*f - p. What is v(-3)?
11
Let x(m) = 2*m**3 - 52*m**2 + m - 23. Let t be x(26). Let q(u) = 4*u + t - 508*u**2 + 509*u**2 + 8*u. Calculate q(-7).
-32
Let a(q) = q**3 + 9*q**2 + 49*q + 799. Let b be a(-11). Let s(y) = -2*y**2 + 32*y + 42. Calculate s(b).
-30
Let z(d) = -3 - 725*d + 1445*d + 3*d**2 - 720*d. Determine z(6).
105
Let t(s) = -10*s + 9. Suppose 2*d + 5 + 7 = 0. Let n(j) = 5*j - 4. Let q(v) = d*t(v) - 13*n(v). Let u = 465 + -468. What is q(u)?
13
Suppose 4*h + 26 - 20 = 2*b, 4*b - 5*h = 12. Suppose -b*m = -2*w - 7, -2*w - 9 = -5*m + 8. Let r(i) = i**2 - i. Determine r(w).
12
Let l(j) = 5*j**2 + 66*j - 52. Let o be l(-14). Let d(k) be the second derivative of -k**3/6 + k**2/2 + k. What is d(o)?
-3
Let f = 73 + -127. Suppose 3 = 5*x + 6 + 2. Let j be x/(-5) - f/30. Let k(a) = a + 1. Calculate k(j).
3
Let z(j) be the first derivative of j**4/4 + 47*j**3/3 + 24*j**2 + 89*j + 8744. Calculate z(-46).
-3
Let p(z) = -z**3 + 11*z**2 - 9*z - 12. Let y(b) = -2*b**2 + 4 + 3*b + 3*b**2 + b**2 + b**2. Suppose 0 = 5*t + 16 - 6. Let f be y(t). Determine p(f).
-2
Let k(v) = 5*v**3 - 18*v**2 - 50*v - 23. Let b(i) = -4*i**3 + 17*i**2 + 40*i + 22. Let p(t) = 4*b(t) + 3*k(t). Calculate p(15).
-56
Suppose 3*j + 1 = -z, 4*z - 12 = j + 3*j. Let w(o) = -10*o + 62. Let u be w(6). Let b(h) = 3*h**u - z*h**2 + 3*h + h - 2*h**2. Determine b(3).
3
Let g = -52 + 13. Let m = 39 + g. Let d(y) = -5 + 5*y**2 + 6 + y + m*y**2. Give d(-1).
5
Let v(w) = 6*w**2 + 14*w + 5. Let z(b) = -b**2 - 14*b - 7. Let r(j) = -3*v(j) - 4*z(j). Give r(-1).
-15
Let s(b) = -4*b**2 + 15*b - 14. Let q(c) = 9*c**2 - 36*c + 28. Let d(l) = -3*q(l) - 7*s(l). Determine d(0).
14
Let j(z) = z**2 + 9*z + 17. Suppose 12*a - 14 = -74. Give j(a).
-3
Let c(n) = -3*n - 2. Suppose 0 = j - 4*s, 4*j + 0*s = 2*s. Suppose j = 11*w - 42 + 9. Suppose 18 - 6 = 4*x + 5*p, 5*x - w*p + 22 = 0. Calculate c(x).
4
Let f(a) = a**3 + 29*a**2 + 28*a - 2. Let i(r) = 47*r - 1814. Let b be i(38). What is f(b)?
-2
Let p(j) = -1973*j - 124299. Let a be p(-63). Let w(m) be the second derivative of -m + 0*m**3 + 1/12*m**4 + 0 + 7/2*m**2. Calculate w(a).
7
Suppose -4318 = -5*c - 5*h - 828, 3487 = 5*c + 4*h. Let m = 700 - c. Let g(w) = -w**2 + 2*w - 5. Give g(m).
-20
Suppose -v = -6*v + 10. Let t(m) be the first derivative of -2*m**2 + 2*m + 20847. Calculate t(v).
-6
Suppose -432*a + 440*a - 32 = 0. Let r be 391/68 - 3/a. Let m(w) = -w**2 + w + 10. What is m(r)?
-10
Let a(y) be the third derivative of -2*y**2 - 1/2*y**3 + 0 - 11*y + 3/8*y**4. Determine a(2).
15
Let h(c) = -25*c + 54*c - 28*c + 6 + 13. Let r be -1 + (3 - 0) + (-6)/3. What is h(r)?
19
Suppose 3*x + 0 = 4*c - 5, -5*c + 14 = 4*x. Let a(q) = -6 - 4*q - 51*q**3 - 9*q**c + 52*q**3 + 5*q. What is a(9)?
3
Let w(a) be the first derivative of a**3/3 + a**2 + 1333. Suppose -10 = -5*q + 5*v, -2*q - 2*q + 5*v = -7. Determine w(q).
15
Let z = 18007 - 18006. Let h(c) = 26*c**2 + 3*c - 3. Calculate h(z).
26
Let s be (-6 + (-28)/(-6))/(5 - 31/6). Let b(f) = f**3 - 6*f**2 - 13*f - 14. Give b(s).
10
Let a be (2/8)/(-8*3/(-288)). Let f(k) = 1 + 2 + 0 - a + 2*k - 2. Determine f(0).
-2
Let d(i) = 2*i**2 + 3*i + 1. Suppose -2*v + 64 = -44. Let t = -114 + v. Let n = t + 58. Determine d(n).
3
Let w be 7 - (224/(-40))/7*-10. Let m(k) = -17*k**2 + 3*k - 2*k - 4*k**2. What is m(w)?
-22
Let a(t) = -t**3 - 5*t**2 - 9*t - 25. Let z be a(-4). Let h be (31/12 - z/(-20))*-3. Let b(s) = 2*s + 4. What is b(h)?
-10
Let y be (-44)/55 + (-13)/65. Let k(p) = 14*p + 13. What is k(y)?
-1
Let a = 175 + -14. Let k(b) = -b**2 - 11*b + b**2 - b**2 + a + 2*b**2 - 171. Give k(12).
2
Let o = -75439/20 + 3772. Let d(i) be the third derivative of 1/120*i**6 + 9*i**2 + o*i**5 + 0*i + 0 - 1/3*i**3 - 1/8*i**4. Give d(-2).
8
Let q(r) = -r + 13. Let i be q(8). Let j be 9 - -5*(-35)/25. Let w(p) = p**j + p - 4*p - 2*p - 2*p + 7. Give w(i).
-3
Let b(u) = 3*u**3 + 1. Let i = 527 - 195. Let p = i + -333. Give b(p).
-2
Let t(f) = -3*f**2 - 3 + 0 - 8*f + 19*f - 4. Let w(d) = -10*d**2 + 35*d - 23. Let g(m) = -7*t(m) + 2*w(m). Let j(l) = -l. Let z be j(-6). Give g(z).
-3
Let l be (-6)/39 - (-7)/182*30. Let q(d) = -d**3 + d**2 - d. Let o(k) = -2*k**3 + 4*k**2 - 2*k + 8. Let i(s) = l*o(s) - 3*q(s). Calculate i(0).
8
Let g(o) = 3*o + 11. Let w be g(3). Let l be (w/5)/((-10)/15*3). Let k(d) = -d. Calculate k(l).
2
Suppose -8 = -2*v + 3*v. Let h be v - (-5 + 2 + 0). Let g(i) be the first derivative of -i**3/3 - 3*i**2/2 + 7*i + 129. Give g(h).
-3
Let n(m) = -m + 228. Let y(z) = 19*z + 1419. Let i(r) = -6*n(r) + y(r). Calculate i(-4).
-49
Let s(y) = 4*y**2 + 9*y - 6. Let m(a) = -5*a**2 - 9*a + 6. Let p(g) = 3*m(g) + 2*s(g). Let k(i) = 6*i**2 + 7*i - 6. Let l(r) = -6*k(r) - 5*p(r). Determine l(6).
-12
Let b be (2 + 2)*63/(-84). Let k(x) = x**3 + 2*x**2 + 2*x. Calculate k(b).
-15
Let t(x) = 11*x + 2. Let g(z) = 2*z. Let r(q) = 14*g(q) - 2*t(q). Let w(b) = -7*b + 3. Let h(i) = 2*r(i) + 3*w(i). Let y = -1 - 0. What is h(y)?
10
Let x = -35921 - -35916. Let o(u) = u**2 + 21*u + 72. Give o(x).
-8
Let c = -460 - -460. Suppose 3*q - 4*o - 41 = 0, c = -2*q - q - 4*o + 25. Let p(y) = -y**3 + 12*y**2 - 11*y - 6. Determine p(q).
-6
Suppose 10 = -92*r + 97*r. Let k be (-12)/9*(-36)/8. Suppose 4*i = 2*z + 20, -k*z + r*z = -8. Let d(l) = l**2 - 5*l + 7. Give d(i).
13
Suppose -8 = 4*x - 3*p + 3, 2*x = 5*p - 9. Let s be (x/4)/((-7)/(-168)*-3). Let r(c) = -2*c + 27*c**3 + c**2 - 2*c**2 + s*c - 26*c**3. Calculate r(2).
8
Let z(g) be the second derivative of g**4/12 + g**3/3 - 5*g**2/2 + 41*g - 39. Determine z(-7).
30
Let c be (-17)/(-85)*75*(-4)/6. Let a(w) = 2*w + 11. Determine a(c).
-9
Let f(o) = 17*o**2 - 15*o + 10. Let y(h) be the second derivative of 13*h**4/12 - 5*h**3/2 + 11*h**2/2 + 42*h. Let i(p) = -3*f(p) + 4*y(p). Calculate i(14).
0
Let d(v